 number?
False
Suppose 2407 = 2*n - z, -z = -4*n - 5*z + 4784. Is n a prime number?
True
Let c(a) be the first derivative of -a**4/4 + 7*a**3/3 - 5*a**2/2 - 2*a + 3. Suppose 29 = 4*b + 9. Is c(b) a composite number?
False
Suppose -773 = -4*w + 3*p, 4*p = -4*w + 3*p + 761. Is w a composite number?
False
Let g = 14 - 12. Suppose -54 = -g*c + 8. Is c a composite number?
False
Suppose -5*m = -w + 46, -4*w + 41 = -3*w - 4*m. Suppose 0 = -3*d + 6*d - w. Is d a composite number?
False
Suppose -4*i = -6*i - 26. Let x = i + 50. Is x a composite number?
False
Is (-20824)/(-20) + (2 - 3)/5 a composite number?
True
Let q(z) = 92*z - 3. Let a be q(-6). Let h = a - -962. Is h prime?
False
Let l be (14/3)/(8/12). Suppose 5*i - 30 = -q, -l = 2*i - 1. Let n = q + 38. Is n composite?
False
Suppose -21*o - 6432 + 65505 = 0. Is o prime?
False
Suppose 6*c - c - 20 = 0. Suppose 2*m + 30 = c*m. Is m a prime number?
False
Suppose 0 = -10*o + 5*o + 10. Suppose -184 = -o*b + 76. Suppose -b + 20 = -5*j. Is j a prime number?
False
Suppose -2*v + 696 = v. Let h = v - 123. Is h composite?
False
Is 2/6*1504 + (-4)/(-6) a prime number?
False
Suppose 14 = -0*q + 2*q. Is (-16)/(-56) - (-845)/q a composite number?
True
Let m(p) be the third derivative of -13*p**7/2520 + p**6/720 + p**5/60 - 3*p**2. Let i(l) be the third derivative of m(l). Is i(-5) a prime number?
True
Suppose 4*c + 3*f - 1 = 7, 0 = 5*c + 2*f - 10. Suppose 0 = r - c*r + 279. Suppose 5*a - 5*i = 3*a + r, 10 = -2*i. Is a a composite number?
False
Is (2/4)/((-9)/(-17154)) a composite number?
False
Let g be (-6)/10 - (-23)/5. Suppose 0 = g*w - 9*w + 925. Is w a prime number?
False
Suppose 2*u - 29 = 5*j, u + 2*u + 2*j - 91 = 0. Suppose -4*x + 108 = -4*s, -100 = -4*x - 6*s + 2*s. Let o = x + u. Is o a composite number?
False
Let a(j) = -495*j + 39. Is a(-4) prime?
False
Is ((-4070)/5)/(2*-1) prime?
False
Let h(g) = 53*g - 8. Is h(13) a prime number?
False
Suppose 3*m + 2*a = -2*m - 12, -4*a = -16. Let x be m*3*2/(-4). Let l(v) = -v**2 + 6*v + 3. Is l(x) a composite number?
False
Suppose -z - 8120 = -4*z + w, 8135 = 3*z - 4*w. Is z prime?
False
Let u(x) = -3*x - 5. Let p(v) = v**2 - 7*v + 3. Let w be p(8). Let y(s) = s - 15. Let a be y(w). Is u(a) a composite number?
False
Suppose 3153 = 4*a + 293. Suppose -5*o = -0*o - a. Is o a composite number?
True
Is 425 + (0 - -1) - -1 a prime number?
False
Suppose -7*g + 5*g = -10. Suppose -5*z - 102 + 22 = -2*s, -5*z = -g*s + 65. Let u = 217 - z. Is u prime?
False
Is 26/(-13) - ((0 - 0) + -3355) a composite number?
True
Let a be 3/9 - 10/(-6). Suppose -4*n - 1 = a*d - 3*n, -2*d - 5*n = -19. Let f(x) = -26*x + 1. Is f(d) a composite number?
False
Suppose -5275 = -8*h + 1437. Is h a composite number?
False
Suppose 5*m + 2*g + 15 = 0, 0 = 2*m + 2*m + g + 12. Let o(h) = 9*h**2 + 3*h - 3. Is o(m) prime?
False
Let v(m) = -m**2 - 7*m - 8. Let q be v(-6). Let h be (-44)/(-10)*(3 - q). Suppose -l - l = -h. Is l composite?
False
Let u = 5 + 0. Suppose -l = -2*n + 613, -323 = n - 2*n - u*l. Suppose 6*a = 10*a - n. Is a a prime number?
False
Let t = 24 + -78. Let m = t + -19. Let g = 108 + m. Is g a composite number?
True
Let s = 60 + 7. Is s composite?
False
Let y(d) = -5*d**3 + 4*d**2 + 5*d + 6. Let u(x) = -x**3 + x**2 + x - 1. Let n(o) = -4*u(o) + y(o). Suppose 3*l = p + 2, p = -2*l + 2 - 4. Is n(l) composite?
True
Let z(p) = 381*p**2. Let j be z(1). Suppose 5*y - 2*y = j. Is y a prime number?
True
Let k be -1*(6 + -1 + -1). Let y = k + 1. Is (-237)/y - 0/2 a prime number?
True
Is (-10)/(-25) + 0 + (-10546)/(-10) a prime number?
False
Let v be 50/(-3 + 1) - 0. Let t be (-295)/v + (-1)/(-5). Is (-202)/(-8) - 3/t composite?
True
Suppose 1195 + 791 = 6*i. Is i a prime number?
True
Let d = 302 - 183. Let p(s) = 12*s**2 + 2*s + 1. Let v be p(-1). Suppose -2*z = -v - d. Is z composite?
True
Suppose v = -2*d + 41, -4*v + 5 = 4*d - 79. Let o(q) = 1 - 4*q + 15*q + d*q + 41*q. Is o(2) composite?
True
Let a(d) = -d**3 + d**2 + 743. Is a(0) prime?
True
Is ((-1)/3)/(6/(-24930)) a composite number?
True
Let k(o) = 3*o - 3. Let r be k(5). Let v be (-2)/(3/r*-2). Suppose 0*l + 148 = 4*s + v*l, s = -5*l + 53. Is s a composite number?
True
Suppose 5*v + 17 = -2*o, o - v - 6 = 3. Is 183/6*o - 1 prime?
False
Let a(h) = 11*h**2 - 2. Is a(3) prime?
True
Suppose 0*o + 605 = -5*o. Let s(p) = -p**3 - 42. Let g be s(0). Let j = g - o. Is j prime?
True
Let g(x) = -167*x + 2. Is g(-1) composite?
True
Let d(f) = 143*f + 1. Let y be ((-2)/(-4))/(1/2). Let g be d(y). Let p = 149 + g. Is p prime?
True
Suppose 2*c = 10, -2*c - 3 = -3*k - 13. Suppose k = -2*p + 83 + 71. Is p prime?
False
Suppose -2*r + 412 = -10. Is r prime?
True
Let h(a) = -16*a - 7. Is h(-11) composite?
True
Suppose 2*s - 2*b + 3 = -1, -b = 5*s - 14. Suppose -s*l = 3*l + 40. Let d(k) = k**3 + 8*k**2 - 6*k + 1. Is d(l) a composite number?
True
Let n(a) be the third derivative of -13*a**4/12 + a**3/6 - a**2. Is n(-2) a composite number?
False
Suppose 25*i - 17*i = 6296. Is i a prime number?
True
Let n(h) = -130*h + 2. Let d be n(-9). Suppose i = -3*i + d. Is i composite?
False
Let c be -6*(5/2 - -3). Let f be ((-11)/(-3))/(1/c). Let k = f + 284. Is k a prime number?
True
Let g(a) = -a**2 + 13*a - 7. Let h be g(12). Suppose -h*k + 508 = -k. Is k a prime number?
True
Let y(q) = 2*q - 6. Let i(z) = -4*z + 12. Let d(u) = 2*i(u) + 5*y(u). Let s be d(4). Is (5/15)/(s/294) prime?
False
Let j be 2/(-8) - (-111)/12. Let q(f) = 4*f - 13. Is q(j) a composite number?
False
Let h(n) = n**2 + 6*n - 6. Let p be h(5). Let f = 12 - p. Is (2 - f) + 2/(-1) a composite number?
False
Suppose 17*s = 14*s + 1941. Suppose -s + 51 = -4*l. Is l prime?
True
Is (-2)/4 + (-32670)/(-36) a composite number?
False
Suppose 10650 = 5*q - p, 5*q + p = q + 8511. Is q a composite number?
False
Suppose 0 = r - 2*c - 635, 0*r + r = 4*c + 639. Is r a prime number?
True
Suppose 5*f + 137 + 23 = -5*q, -5*q + 43 = -2*f. Let n = -8 - 100. Let m = f - n. Is m composite?
False
Suppose 0 = 23*v - 31*v + 3560. Is v composite?
True
Let v = 119 - 192. Let l = 127 + v. Suppose 0 = -2*b + 3*p + l, 4*p - p = -b + 9. Is b a composite number?
True
Let y be (9/(-2))/((-2)/20). Let x = -21 + y. Let t = x - -53. Is t prime?
False
Let z(r) = -1 + 0 + 2 + 17*r + 3. Is z(5) a prime number?
True
Suppose -d - 2*q = -115, 3*d = 2*q + 218 + 111. Suppose -u + 3*w - 4*w = -d, 3*w = -4*u + 448. Is u a composite number?
True
Suppose 9*s = 4504 + 3335. Is s a prime number?
False
Let p(f) be the third derivative of f**4/24 + f**3/6 + 2*f**2. Let c be p(5). Is (9/c)/(3/4) prime?
True
Let c(w) = 3*w**2 + 5*w - 33. Is c(-14) composite?
True
Let o(a) = 3*a**2 + 12*a - 22. Is o(-13) prime?
False
Let y(a) = -72*a - 19*a - 57*a - 1. Is y(-2) a prime number?
False
Let x = -11 - -14. Suppose m = 2*m + 2*l - 249, -x*m = 3*l - 750. Is m a composite number?
False
Let s = -1781 + 3432. Is s a composite number?
True
Suppose -2*p - 63 = -5*r, 120 = -5*p - 2*r + 7*r. Let i = -11 - p. Let g = -5 + i. Is g a prime number?
True
Suppose -3*r + 6 = -0*r. Let l(p) = -r*p - 4*p + 3 - 2*p. Is l(-7) a composite number?
False
Let f(p) = -48*p + 11. Let u = 15 + -20. Is f(u) a composite number?
False
Let u be (-330)/4*(-16)/(-12). Let g = u - -212. Let q = 155 - g. Is q composite?
False
Let n(u) be the second derivative of 0 + 1/2*u**4 + 1/20*u**5 - 2*u + 2*u**2 - 1/2*u**3. Is n(-6) composite?
True
Let z(a) = 162*a**2 + 5*a - 8. Is z(3) a prime number?
False
Is (-1)/((-3)/9) - -188 prime?
True
Let h be (2 - 0)/(5/65). Let l = h + -11. Is l a prime number?
False
Suppose 0 = -r + h + h - 5, -5*r + h = -11. Suppose -3*j + 4*j - 128 = -5*u, r*u = 5*j + 60. Is u a prime number?
False
Let w = 129 - -62. Is w composite?
False
Suppose 3*y = d - 290, -2*d = -6*d - 2*y + 1174. Is d a composite number?
False
Suppose 7283 = 4*t + 5*c, -t - 3625 = -3*t + 3*c. Is t a prime number?
False
Suppose 2*l = -3*r - 0*r + 6, -l + 5*r = 10. Let z be (l/3)/(0 - -2). Suppose 3*f - 4 - 5 = z. Is f prime?
True
Let s(k) = -k**2 - 9*k - 6. Let b be s(-7). Suppose -i - a = 0, -b = 3*i + 3*a + 2*a. Suppose -i*n + 120 + 100 = 0. Is n composite?
True
Suppose m = 4*d + 30 + 13, 0 = -4*d + 16. Is m a prime number?
True
Suppose -3*j + 2*d = -144 - 213, -5*j + 595 = -d. Is j prim